t is the greatest common factor of x and 5?
1
Suppose -3*g + 597 + 176 = 4*q, 520 = 2*g - 2*q. What is the greatest common divisor of 28 and g?
7
Let u(b) = b**2 + b + 2. Let v be u(-2). Let a be (-7)/(84/(-132)) + -7. Calculate the greatest common factor of a and v.
4
Suppose -1 = 6*g - 97. Suppose -2*d + 16 + g = 0. Let k be 8 - ((-1)/1 - -1). Calculate the greatest common factor of k and d.
8
Suppose -88*z = -86*z - 42. Calculate the greatest common divisor of z and 56.
7
Suppose 3 = -3*b, z = 77*b - 81*b + 269. Calculate the highest common divisor of 637 and z.
91
Suppose -23*d = -30*d + 7. Let i be ((-432)/168)/(d/(-7)). Calculate the greatest common factor of 63 and i.
9
Let p(y) = -22*y + 150. Let w be p(6). Let u be 5*(2 - (-8)/(-5)). What is the greatest common divisor of u and w?
2
Let d be (27/6)/(3/(-4)). Let w = d + 39. Suppose 2*r = 5*r - 9. What is the greatest common divisor of w and r?
3
Let s(z) = -3*z + 1. Let g be s(-1). Suppose -3*t = -g*t + 19. Calculate the greatest common divisor of 76 and t.
19
Let k be (5/(6 + (-763)/126))/(-2). What is the highest common divisor of 45 and k?
45
Suppose -4*h - 16 = -2*f - f, 0 = -4*h - 2*f + 4. Let r be (-36)/h*(-10)/(-15). Let a = -57 + 63. Calculate the greatest common factor of a and r.
6
Suppose 4*o + a - 688 = 0, -2*o - 330 = -4*o + 3*a. Let k be 3/4 + o/12 + 3. What is the highest common factor of k and 2?
2
Suppose 5*d = 3*s - 37, -d = -5*s + d + 87. Suppose 0 = 2*t - s - 29. What is the highest common divisor of t and 3?
3
Suppose 4*l + 0*l = 120. Suppose 17 = 5*d - 33. Calculate the highest common divisor of d and l.
10
Let r be 58 - (-2 - (-4 + 2)). Suppose -j - 2*f + 20 = 0, -4*f + r = -0*j + 3*j. Suppose -j*l = -13*l - 60. What is the greatest common factor of l and 6?
6
Let i be (-4)/(-8)*(42 + 0) - -1. What is the greatest common factor of 50 and i?
2
Let a = 195 + 120. Suppose -5*j + 2*h + a = -3*h, 0 = -4*j - 3*h + 287. Calculate the greatest common divisor of j and 17.
17
Suppose -2542 = -19*n - 281. Calculate the highest common factor of 7 and n.
7
Suppose 3*i + 146 = 5*i. Let r = 113 - i. Let c = 541 + -531. What is the highest common factor of c and r?
10
Let p = 5 + -5. Let z = p + 4. Suppose 4*j - 351 = -3*v - 107, 2*v + z*j - 160 = 0. Calculate the greatest common divisor of 12 and v.
12
Let k = -1 - -6. Let b(r) = r**3 - 6*r**2 + 8*r - 7. Let g be b(k). Let h be 16/(-72) + 2600/36. Calculate the greatest common divisor of h and g.
8
Let m(f) = 4*f**2 + 43*f - 9. Let q be m(-13). What is the highest common factor of q and 135?
27
Let g(p) be the second derivative of p**5/20 - 11*p**4/12 - 13*p**3/6 + 13*p**2 - 20*p. Let o be g(12). Calculate the greatest common divisor of o and 70.
14
Let l = 310 + -247. Calculate the greatest common divisor of 6 and l.
3
Let r(k) = 15*k + 9. Let v be r(4). Suppose -5*l + v = -86. What is the greatest common divisor of l and 31?
31
Suppose 148*l = 143*l + 80. Calculate the greatest common divisor of l and 208.
16
Let w(o) = -o**2 - 11*o + 7. Let x be w(-12). Let h be x/(25/(-10)) - -230. What is the highest common divisor of h and 29?
29
Let n = -15 + 36. Suppose -2*o + 5 = -5, 3*o = 3*b - 300. Calculate the greatest common factor of n and b.
21
Let w = 3368 + -3366. Suppose 0 = 4*p + 16, 4*a - 48 = -2*p - 0*p. Calculate the greatest common divisor of w and a.
2
Suppose -5*d = -2*g - 267, -2*d - 3*g + 122 = -0*g. Calculate the greatest common factor of d and 880.
55
Suppose 377*j - 256 = 361*j. What is the greatest common divisor of 80 and j?
16
Let z(w) = 11*w. Let h be z(6). Let x(d) be the second derivative of d**3/2 - 7*d**2/2 + 22*d. Let v be x(6). Calculate the greatest common factor of h and v.
11
Let c = 10 + -5. Let h(s) = -s**3 + 5*s**2 + 8*s - 7. Let v be h(c). Let k = 11 + v. What is the greatest common divisor of 4 and k?
4
Suppose -20*l = -7*l - 1482. What is the greatest common divisor of 76 and l?
38
Let y be (-14490)/(-28)*(-6)/(-5). What is the highest common divisor of 23 and y?
23
Let s = 20 + -14. Suppose 0 = -4*h + s + 170. Suppose -11 = -i + 3*q, i = -q - q + 11. What is the highest common divisor of h and i?
11
Suppose 13034 = 22*k - 4984. Calculate the greatest common divisor of k and 78.
39
Let b be (235/(-35) - -5)*7. Let m be b/(-72) + -118*14/(-24). What is the highest common divisor of m and 46?
23
Suppose 3*t - 26 = -4*z, -8*t - 5*z = -3*t - 50. Let k be ((-6)/(-5) + -2)*-35. What is the greatest common divisor of k and t?
14
Suppose -166*z + 163*z + 567 = 0. Calculate the greatest common divisor of 56 and z.
7
Let c(w) = -2*w - 22. Let m be c(-13). Suppose 5*g - 142 = -2*q + 4*q, -m*g + 104 = -4*q. Calculate the highest common factor of g and 12.
6
Suppose 0 = 36*m + 22*m - 1276. What is the highest common factor of m and 2354?
22
Suppose 3*l = 12 + 6. Let v(d) = d**2 + d + 4*d**3 - 3*d**3 + l*d + 10*d**2 + 6. Let a be v(-7). What is the highest common factor of a and 17?
17
Suppose 180 - 125 = -w. Let l be 2/(-4)*6*-1. Let y be -1 + (l - w) - 3. What is the highest common factor of 135 and y?
27
Let n(t) = -t**2 + 9*t - 10. Let m = -13 - -20. Let q be n(m). Suppose -63 = -q*r + 25. What is the highest common divisor of 44 and r?
22
Let b = 600 + -538. Calculate the highest common factor of 744 and b.
62
Let b = -12 - -26. Suppose -11*r - 51 = -b*r. Let z be -12*(0 - (-68)/(-6)). What is the greatest common divisor of z and r?
17
Suppose 0*q + 3*q + 282 = 3*s, -4*q - 475 = -5*s. Let p be (-225)/(-33) + 18/s. What is the highest common factor of p and 28?
7
Suppose 0 = -36*u + 42*u - 294. What is the highest common factor of u and 294?
49
Let s(t) = -t**3 + 8*t**2 - 4*t - 10. Let w(h) = 8*h - 1. Let u be w(1). Let k be s(u). Calculate the highest common factor of k and 44.
11
Suppose -26 - 16 = -3*y. Let k(h) = -h**2 + 7*h - 6. Let u be k(7). Let j(z) = -2*z - 5. Let w be j(u). Calculate the highest common divisor of y and w.
7
Suppose -4*c + 164 = -4*g - 0*g, 5*c + 3*g - 221 = 0. Let v = 241 - c. Calculate the greatest common factor of 18 and v.
18
Suppose 0 = f - 2*y - y - 2, 0 = 2*f - y - 9. Let x(m) = -2*m**3 + m**2 + m**3 + m + f*m**2. Let t be x(6). Calculate the greatest common divisor of 30 and t.
6
Suppose -2*m - 2*k = -5 - 5, -k = -3*m - 5. Let j = m + 11. Suppose -j - 31 = -3*h. What is the greatest common factor of 154 and h?
14
Let y be (-13)/(-52) + ((-188)/(-16) - 0). What is the greatest common divisor of 66 and y?
6
Suppose 0 = 2*u + 4*h - 14, 5*u - 34 = 3*u + h. Suppose 4*c - 32 = -2*w - 2*w, -3*c + w + 12 = 0. Calculate the greatest common divisor of u and c.
5
Suppose 0 = -8*l + 7*l. Suppose -5*s - 20 = l, 0*s + 2*s - 22 = -v. What is the greatest common factor of v and 10?
10
Let t(v) be the first derivative of 6*v**2 - 6*v + 1. Let r be (-1*4)/(-3 - (2 - 4)). Let o be t(r). Calculate the greatest common factor of 14 and o.
14
Let b be -1*12/54 + 68/(-18). Let a be (-1)/(b + (-27)/(-7)). What is the greatest common factor of 7 and a?
7
Suppose l - 17 = -5. Let u = -93 + 123. Calculate the greatest common divisor of u and l.
6
Suppose -19 + 1 = 3*w. Let o(z) = -8*z - 14. Let f be o(w). Calculate the greatest common factor of 238 and f.
34
Let x = 570 - 273. Let g = 1210 + -1183. Calculate the greatest common factor of x and g.
27
Let u = -18 + 102. Calculate the greatest common divisor of 231 and u.
21
Let p = 36 + -25. Let n be (28/(-16) + 3)*(1 + -5). Let i be p/((20/(-8))/n). What is the highest common factor of i and 33?
11
Let m = 1751 - 1747. Let h(z) = 4*z**2 + 2*z. Let d be h(2). Calculate the greatest common divisor of d and m.
4
Suppose 2*c - 1 - 7 = 0. Suppose -5*u + 74 = -n - 2*n, -4*u - c*n + 72 = 0. Calculate the greatest common factor of u and 128.
16
Suppose 83*r - 86*r = -120. Calculate the highest common divisor of r and 170.
10
Suppose -4*t + 20 = 0, 0*j + t = j - 8. Let h = 1319 - 1176. What is the greatest common factor of h and j?
13
Let f(n) = 5*n**2 - 3*n - 7. Let g(b) = 3*b + 1. Let k be g(-2). Let a be f(k). Let z = 276 + -257. Calculate the highest common factor of a and z.
19
Suppose -2*s + 21 = -573. Suppose -9*t = -8*t - s. Let h(u) = 2*u**3 - 2*u**2 - 4*u + 3. Let y be h(3). What is the highest common factor of y and t?
27
Let m be ((-6)/12)/(